{"id":1219,"date":"2024-12-20T17:32:33","date_gmt":"2024-12-20T16:32:33","guid":{"rendered":"https:\/\/tescrappingplugin.vaniseo.pro\/?page_id=1219"},"modified":"2024-12-20T17:32:33","modified_gmt":"2024-12-20T16:32:33","slug":"blog","status":"publish","type":"page","link":"https:\/\/tescrappingplugin.vaniseo.pro\/index.php\/blog\/","title":{"rendered":"Blog"},"content":{"rendered":"<div class=\"wp-block-group alignfull has-accent-background-color has-background has-global-padding is-layout-constrained wp-container-core-group-is-layout-3 wp-block-group-is-layout-constrained\" style=\"margin-top:0;margin-bottom:0;padding-top:var(--wp--preset--spacing--50);padding-right:var(--wp--preset--spacing--50);padding-bottom:var(--wp--preset--spacing--50);padding-left:var(--wp--preset--spacing--50)\"><div class=\"wp-block-columns alignwide is-layout-flex wp-container-core-columns-is-layout-1 wp-block-columns-is-layout-flex\"><div class=\"wp-block-column is-vertically-aligned-stretch is-layout-flow wp-block-column-is-layout-flow\" style=\"flex-basis:50%\"><div class=\"wp-block-group is-vertical is-content-justification-stretch is-layout-flex wp-container-core-group-is-layout-2 wp-block-group-is-layout-flex\" style=\"min-height:100%\"><p class=\"has-heading-font-family has-x-large-font-size\" style=\"line-height:1.2\">\u00c9tudes propose des solutions compl\u00e8tes de conseil, de gestion, de conception et de recherche. Chaque projet d\u2019architecture est une opportunit\u00e9 de fa\u00e7onner l\u2019avenir.<\/p>\n\n<div class=\"wp-block-group has-global-padding is-content-justification-left is-layout-constrained wp-container-core-group-is-layout-1 wp-block-group-is-layout-constrained\"><p class=\"wp-container-content-1\">Laisser une marque ind\u00e9l\u00e9bile sur le paysage de demain.<\/p>\n\n<div class=\"wp-block-buttons is-layout-flex wp-block-buttons-is-layout-flex\"><div class=\"wp-block-button\"><a class=\"wp-block-button__link wp-element-button\">A propos de nous<\/a><\/div><\/div><\/div><\/div><\/div>\n\n<div class=\"wp-block-column is-vertically-aligned-center is-layout-flow wp-block-column-is-layout-flow\" style=\"flex-basis:50%\"><figure class=\"wp-block-image size-large is-style-rounded is-style-rounded--1\"><img decoding=\"async\" src=\"https:\/\/tescrappingplugin.vaniseo.pro\/wp-content\/themes\/twentytwentyfour\/assets\/images\/museum.webp\" alt=\"Une rampe le long d\u2019un mur incurv\u00e9 au mus\u00e9e Kiasma, Helsinki, Finlande.\" style=\"aspect-ratio:3\/4;object-fit:cover\"\/><\/figure><\/div><\/div><\/div><div class=\"wp-block-group alignfull has-global-padding is-layout-constrained wp-container-core-group-is-layout-5 wp-block-group-is-layout-constrained\" style=\"margin-top:0;margin-bottom:0;padding-top:var(--wp--preset--spacing--50);padding-right:var(--wp--preset--spacing--50);padding-bottom:var(--wp--preset--spacing--50);padding-left:var(--wp--preset--spacing--50)\"><div class=\"wp-block-group is-vertical is-content-justification-center is-layout-flex wp-container-core-group-is-layout-4 wp-block-group-is-layout-flex\"><h2 class=\"wp-block-heading has-text-align-center has-xx-large-font-size\">Rencontrer notre \u00e9quipe<\/h2>\n\n<p class=\"has-text-align-center\">Notre gamme compl\u00e8te de professionnels s\u2019adresse \u00e0 une \u00e9quipe diversifi\u00e9e, allant d\u2019architectes chevronn\u00e9s \u00e0 des ing\u00e9nieurs de renom.<\/p><\/div>\n\n<div style=\"height:var(--wp--preset--spacing--30)\" aria-hidden=\"true\" class=\"wp-block-spacer\"><\/div>\n\n<div class=\"wp-block-columns alignwide is-layout-flex wp-container-core-columns-is-layout-2 wp-block-columns-is-layout-flex\" style=\"padding-right:0;padding-left:0\"><div class=\"wp-block-column is-layout-flow wp-block-column-is-layout-flow\"><ul class=\"wp-block-latest-posts__list has-dates wp-block-latest-posts\"><\/ul><\/div><\/div><\/div><div class=\"wp-block-group alignfull has-global-padding is-layout-constrained wp-container-core-group-is-layout-6 wp-block-group-is-layout-constrained\" style=\"margin-top:0;margin-bottom:0;padding-top:var(--wp--preset--spacing--50);padding-right:var(--wp--preset--spacing--50);padding-bottom:var(--wp--preset--spacing--50);padding-left:var(--wp--preset--spacing--50)\"><\/div><div class=\"wp-block-group alignfull has-base-color has-contrast-background-color has-text-color has-background has-link-color wp-elements-bfb37a4acb72dd7798aa709f546cc6ee has-global-padding is-layout-constrained wp-container-core-group-is-layout-8 wp-block-group-is-layout-constrained\" style=\"margin-top:0;margin-bottom:0;padding-top:var(--wp--preset--spacing--50);padding-right:var(--wp--preset--spacing--50);padding-bottom:var(--wp--preset--spacing--50);padding-left:var(--wp--preset--spacing--50)\"><h2 class=\"wp-block-heading alignwide has-base-color has-text-color has-link-color wp-elements-961120e30645e03a629938c532f241fe\" style=\"font-size:clamp(4.509rem, 4.509rem + ((1vw - 0.2rem) * 9.152), 10rem);letter-spacing:-0.02em\">FAQ<\/h2>\n\n<div class=\"wp-block-group alignwide is-layout-flow wp-block-group-is-layout-flow\"><hr class=\"wp-block-separator has-text-color has-base-color has-alpha-channel-opacity has-base-background-color has-background is-style-wide\"\/>\n\n<details class=\"wp-block-details is-style-arrow-icon-details has-medium-font-size is-layout-flow wp-block-details-is-layout-flow\" style=\"border-top-style:none;border-top-width:0px;border-right-style:none;border-right-width:0px;border-bottom-color:var(--wp--preset--color--base);border-bottom-style:solid;border-bottom-width:1px;border-left-style:none;border-left-width:0px;margin-top:0\"><summary>Quel est votre processus de travail sur de plus petits projets&nbsp;?<\/summary><p class=\"has-contrast-1-color has-text-color has-link-color wp-elements-0053bf2f8b8b0e5acb020fbbf9163fba\">\u00c9tudes propose des solutions compl\u00e8tes de conseil, de gestion, de conception et de recherche. Notre vision est d\u2019\u00eatre \u00e0 l\u2019avant-garde de l\u2019innovation architecturale, en favorisant une communaut\u00e9 mondiale d\u2019architectes et d\u2019enthousiastes unis par une passion pour la cr\u00e9ation d\u2019espaces. Chaque entreprise architecturale est une opportunit\u00e9 de fa\u00e7onner l\u2019avenir.<\/p><\/details>\n\n<details class=\"wp-block-details is-style-arrow-icon-details has-medium-font-size is-layout-flow wp-block-details-is-layout-flow\" style=\"border-top-style:none;border-top-width:0px;border-right-style:none;border-right-width:0px;border-bottom-color:var(--wp--preset--color--base);border-bottom-style:solid;border-bottom-width:1px;border-left-style:none;border-left-width:0px;margin-top:0\"><summary>Qui est \u00e0 l\u2018origine d\u2018\u00c9tudes&nbsp;?<\/summary><p class=\"has-contrast-1-color has-text-color has-link-color wp-elements-0053bf2f8b8b0e5acb020fbbf9163fba\">\u00c9tudes propose des solutions compl\u00e8tes de conseil, de gestion, de conception et de recherche. Notre vision est d\u2019\u00eatre \u00e0 l\u2019avant-garde de l\u2019innovation architecturale, en favorisant une communaut\u00e9 mondiale d\u2019architectes et d\u2019enthousiastes unis par une passion pour la cr\u00e9ation d\u2019espaces. Chaque entreprise architecturale est une opportunit\u00e9 de fa\u00e7onner l\u2019avenir.<\/p><\/details>\n\n<details class=\"wp-block-details is-style-arrow-icon-details has-medium-font-size is-layout-flow wp-block-details-is-layout-flow\" style=\"border-top-style:none;border-top-width:0px;border-right-style:none;border-right-width:0px;border-bottom-color:var(--wp--preset--color--base);border-bottom-style:solid;border-bottom-width:1px;border-left-style:none;border-left-width:0px;margin-top:0\"><summary>J\u2019aimerais rencontrer d\u2019autres architectes, comment puis-je faire&nbsp;?<\/summary><p class=\"has-contrast-1-color has-text-color has-link-color wp-elements-0053bf2f8b8b0e5acb020fbbf9163fba\">\u00c9tudes propose des solutions compl\u00e8tes de conseil, de gestion, de conception et de recherche. Notre vision est d\u2019\u00eatre \u00e0 l\u2019avant-garde de l\u2019innovation architecturale, en favorisant une communaut\u00e9 mondiale d\u2019architectes et d\u2019enthousiastes unis par une passion pour la cr\u00e9ation d\u2019espaces. Chaque entreprise architecturale est une opportunit\u00e9 de fa\u00e7onner l\u2019avenir.<\/p><\/details>\n\n<details class=\"wp-block-details is-style-arrow-icon-details has-medium-font-size is-layout-flow wp-block-details-is-layout-flow\" style=\"border-top-style:none;border-top-width:0px;border-right-style:none;border-right-width:0px;border-bottom-color:var(--wp--preset--color--base);border-bottom-style:solid;border-bottom-width:1px;border-left-style:none;border-left-width:0px;margin-top:0\"><summary>Puis-je postuler pour faire partie de l\u2019\u00e9quipe ou travailler comme sous-traitant\/sous-traitante&nbsp;?<\/summary><p class=\"has-contrast-1-color has-text-color has-link-color wp-elements-0053bf2f8b8b0e5acb020fbbf9163fba\">\u00c9tudes propose des solutions compl\u00e8tes de conseil, de gestion, de conception et de recherche. Notre vision est d\u2019\u00eatre \u00e0 l\u2019avant-garde de l\u2019innovation architecturale, en favorisant une communaut\u00e9 mondiale d\u2019architectes et d\u2019enthousiastes unis par une passion pour la cr\u00e9ation d\u2019espaces. Chaque entreprise architecturale est une opportunit\u00e9 de fa\u00e7onner l\u2019avenir.<\/p><\/details>\n\n<div style=\"margin-top:var(--wp--preset--spacing--10);margin-bottom:0;height:var(--wp--preset--spacing--10)\" aria-hidden=\"true\" class=\"wp-block-spacer\"><\/div><\/div><\/div>","protected":false},"excerpt":{"rendered":"<p>\u00c9tudes propose des solutions compl\u00e8tes de conseil, de gestion, de conception et de recherche. Chaque projet d\u2019architecture est une opportunit\u00e9 de fa\u00e7onner l\u2019avenir. Laisser une marque ind\u00e9l\u00e9bile sur le paysage de demain. Rencontrer notre \u00e9quipe Notre gamme compl\u00e8te de professionnels s\u2019adresse \u00e0 une \u00e9quipe diversifi\u00e9e, allant d\u2019architectes chevronn\u00e9s \u00e0 des ing\u00e9nieurs de renom. FAQ<\/p>\n","protected":false},"author":1,"featured_media":0,"parent":0,"menu_order":0,"comment_status":"closed","ping_status":"closed","template":"","meta":{"footnotes":""},"class_list":["post-1219","page","type-page","status-publish","hentry"],"_links":{"self":[{"href":"https:\/\/tescrappingplugin.vaniseo.pro\/index.php\/wp-json\/wp\/v2\/pages\/1219","targetHints":{"allow":["GET"]}}],"collection":[{"href":"https:\/\/tescrappingplugin.vaniseo.pro\/index.php\/wp-json\/wp\/v2\/pages"}],"about":[{"href":"https:\/\/tescrappingplugin.vaniseo.pro\/index.php\/wp-json\/wp\/v2\/types\/page"}],"author":[{"embeddable":true,"href":"https:\/\/tescrappingplugin.vaniseo.pro\/index.php\/wp-json\/wp\/v2\/users\/1"}],"replies":[{"embeddable":true,"href":"https:\/\/tescrappingplugin.vaniseo.pro\/index.php\/wp-json\/wp\/v2\/comments?post=1219"}],"version-history":[{"count":1,"href":"https:\/\/tescrappingplugin.vaniseo.pro\/index.php\/wp-json\/wp\/v2\/pages\/1219\/revisions"}],"predecessor-version":[{"id":1220,"href":"https:\/\/tescrappingplugin.vaniseo.pro\/index.php\/wp-json\/wp\/v2\/pages\/1219\/revisions\/1220"}],"wp:attachment":[{"href":"https:\/\/tescrappingplugin.vaniseo.pro\/index.php\/wp-json\/wp\/v2\/media?parent=1219"}],"curies":[{"name":"wp","href":"https:\/\/api.w.org\/{rel}","templated":true}]}}